{"id":187,"date":"2012-12-28T22:07:24","date_gmt":"2012-12-28T22:07:24","guid":{"rendered":"http:\/\/prietenii-muntilor.ro\/?page_id=187"},"modified":"2020-01-20T20:32:04","modified_gmt":"2020-01-20T20:32:04","slug":"obiectivele-noastre","status":"publish","type":"page","link":"https:\/\/prietenii-muntilor.ro\/?page_id=187","title":{"rendered":"Obiectivele noastre"},"content":{"rendered":"<p>[vc_row][vc_column][vc_column_text]<\/p>\n<h3><strong>Obiectivele noastre<\/strong><\/h3>\n<p>Promovarea practic\u0103rii turismului montan \u015fi a sporturilor de iarn\u0103, educarea tinerilor \u00een spiritul practic\u0103rii unui turism civilizat, dob\u00e2ndirea de cuno\u015ftin\u0163e despre natur\u0103 \u015fi ocrotirea ei, deschiderea \u015fi \u00eentre\u0163inerea traseelor turistice.<\/p>\n<h3>Efectiv:<\/h3>\n<p>\u00cen fiecare an, \u00een perioada vacan\u0163elor \u015fcolare de iarn\u0103, tabere de schi.<\/p>\n<p>Cupa Prietenii Muntilor.<br \/>\nCupa Colt de Rai<br \/>\nCupa Casa Baraj<br \/>\nAc\u0163iuni de ecologizare.<br \/>\nTure prin mun\u0163ii no\u015ftrii.<br \/>\nTure cu bicicletele prin mun\u0163ii no\u015ftrii.<\/p>\n<p>Aceste obiective se \u00eencearc\u0103 a se realiza cu o echip\u0103 de peste 250 persoane din toat\u0103 \u0163ara.[\/vc_column_text][\/vc_column][\/vc_row]<\/p>\n","protected":false},"excerpt":{"rendered":"<p>[vc_row][vc_column][vc_column_text] Obiectivele noastre Promovarea practic\u0103rii turismului montan \u015fi a sporturilor de iarn\u0103, educarea tinerilor \u00een spiritul practic\u0103rii unui turism civilizat, dob\u00e2ndirea de cuno\u015ftin\u0163e despre natur\u0103 \u015fi ocrotirea ei, deschiderea \u015fi \u00eentre\u0163inerea traseelor turistice. Efectiv: \u00cen fiecare an, \u00een perioada vacan\u0163elor \u015fcolare de iarn\u0103, tabere de schi. Cupa Prietenii Muntilor. Cupa Colt de Rai Cupa Casa Baraj Ac\u0163iuni de ecologizare. Ture&hellip;<\/p>\n","protected":false},"author":1,"featured_media":0,"parent":0,"menu_order":2,"comment_status":"closed","ping_status":"closed","template":"","meta":{"footnotes":""},"class_list":["post-187","page","type-page","status-publish","hentry"],"_links":{"self":[{"href":"https:\/\/prietenii-muntilor.ro\/index.php?rest_route=\/wp\/v2\/pages\/187","targetHints":{"allow":["GET"]}}],"collection":[{"href":"https:\/\/prietenii-muntilor.ro\/index.php?rest_route=\/wp\/v2\/pages"}],"about":[{"href":"https:\/\/prietenii-muntilor.ro\/index.php?rest_route=\/wp\/v2\/types\/page"}],"author":[{"embeddable":true,"href":"https:\/\/prietenii-muntilor.ro\/index.php?rest_route=\/wp\/v2\/users\/1"}],"replies":[{"embeddable":true,"href":"https:\/\/prietenii-muntilor.ro\/index.php?rest_route=%2Fwp%2Fv2%2Fcomments&post=187"}],"version-history":[{"count":4,"href":"https:\/\/prietenii-muntilor.ro\/index.php?rest_route=\/wp\/v2\/pages\/187\/revisions"}],"predecessor-version":[{"id":7768,"href":"https:\/\/prietenii-muntilor.ro\/index.php?rest_route=\/wp\/v2\/pages\/187\/revisions\/7768"}],"wp:attachment":[{"href":"https:\/\/prietenii-muntilor.ro\/index.php?rest_route=%2Fwp%2Fv2%2Fmedia&parent=187"}],"curies":[{"name":"wp","href":"https:\/\/api.w.org\/{rel}","templated":true}]}}